{"id":10219,"date":"2023-12-18T15:07:17","date_gmt":"2023-12-18T14:07:17","guid":{"rendered":"https:\/\/teleshop.espresso-kafa.rs\/index.php\/proizvod\/muki-set-novanik-i-kai\/"},"modified":"2024-01-15T12:10:39","modified_gmt":"2024-01-15T11:10:39","slug":"muki-set-novanik-i-kai","status":"publish","type":"product","link":"https:\/\/teleshop.espresso-kafa.rs\/index.php\/proizvod\/muki-set-novanik-i-kai\/","title":{"rendered":"mu\u0161ki set &#8211; nov\u010danik i kai\u0161 A-501"},"content":{"rendered":"<p>Mu\u0161ki poklon set sadr\u017ei : nov\u010danik i kai\u0161, izradjeni od kvalitetne eko ko\u017ee. Mu\u0161ki nov\u010danik je moderan i prakti\u010dan, pogodan za no\u0161enje u dzepu ili u torbi. Ima pri\u0161ivenu metalnu \u0161nalu boje srebra, pri\u010dv\u0161r\u0107enu za kai\u0161 \u0161rafom, tako da se po potrebi mo\u017ee skratiti kai\u0161. Dolazi u luksuznom pakovanju u crnoj boji<\/p>\n","protected":false},"excerpt":{"rendered":"<p>Mu\u0161ki poklon set sadr\u017ei : nov\u010danik i kai\u0161, izradjeni od kvalitetne eko ko\u017ee. Mu\u0161ki nov\u010danik je moderan i prakti\u010dan, pogodan<\/p>\n","protected":false},"featured_media":10804,"template":"","meta":[],"product_cat":[212,235],"product_tag":[],"class_list":{"0":"post-10219","1":"product","2":"type-product","3":"status-publish","4":"has-post-thumbnail","6":"product_cat-novcanici-aksesoari","7":"product_cat-akcija","9":"first","10":"instock","11":"sale","12":"shipping-taxable","13":"purchasable","14":"product-type-simple"},"_links":{"self":[{"href":"https:\/\/teleshop.espresso-kafa.rs\/index.php\/wp-json\/wp\/v2\/product\/10219","targetHints":{"allow":["GET"]}}],"collection":[{"href":"https:\/\/teleshop.espresso-kafa.rs\/index.php\/wp-json\/wp\/v2\/product"}],"about":[{"href":"https:\/\/teleshop.espresso-kafa.rs\/index.php\/wp-json\/wp\/v2\/types\/product"}],"version-history":[{"count":3,"href":"https:\/\/teleshop.espresso-kafa.rs\/index.php\/wp-json\/wp\/v2\/product\/10219\/revisions"}],"predecessor-version":[{"id":10439,"href":"https:\/\/teleshop.espresso-kafa.rs\/index.php\/wp-json\/wp\/v2\/product\/10219\/revisions\/10439"}],"wp:featuredmedia":[{"embeddable":true,"href":"https:\/\/teleshop.espresso-kafa.rs\/index.php\/wp-json\/wp\/v2\/media\/10804"}],"wp:attachment":[{"href":"https:\/\/teleshop.espresso-kafa.rs\/index.php\/wp-json\/wp\/v2\/media?parent=10219"}],"wp:term":[{"taxonomy":"product_cat","embeddable":true,"href":"https:\/\/teleshop.espresso-kafa.rs\/index.php\/wp-json\/wp\/v2\/product_cat?post=10219"},{"taxonomy":"product_tag","embeddable":true,"href":"https:\/\/teleshop.espresso-kafa.rs\/index.php\/wp-json\/wp\/v2\/product_tag?post=10219"}],"curies":[{"name":"wp","href":"https:\/\/api.w.org\/{rel}","templated":true}]}}