{"id":10190,"date":"2023-12-18T14:49:28","date_gmt":"2023-12-18T13:49:28","guid":{"rendered":"https:\/\/teleshop.espresso-kafa.rs\/index.php\/proizvod\/proizvod-9\/"},"modified":"2024-01-15T12:10:12","modified_gmt":"2024-01-15T11:10:12","slug":"proizvod-9","status":"publish","type":"product","link":"https:\/\/teleshop.espresso-kafa.rs\/index.php\/proizvod\/proizvod-9\/","title":{"rendered":"duksevi 115"},"content":{"rendered":"<p>Opu\u0161tena dukserica, klasi\u010dnog kroja sa kapulja\u010dom. Izra\u0111ena od kavlitenog materijala, prijatna za no\u0161enje, lako uklopiva. Dostupna u crnoj i belo boji. Sa \u0161tampom.<\/p>\n","protected":false},"excerpt":{"rendered":"<p>Opu\u0161tena dukserica, klasi\u010dnog kroja sa kapulja\u010dom. Izra\u0111ena od kavlitenog materijala, prijatna za no\u0161enje, lako uklopiva. Dostupna u crnoj i belo<\/p>\n","protected":false},"featured_media":10777,"template":"","meta":[],"product_cat":[241,235],"product_tag":[184],"class_list":{"0":"post-10190","1":"product","2":"type-product","3":"status-publish","4":"has-post-thumbnail","6":"product_cat-duksevi-zenska-odeca","7":"product_cat-akcija","8":"product_tag-duksevi","10":"first","11":"instock","12":"sale","13":"shipping-taxable","14":"purchasable","15":"product-type-simple"},"_links":{"self":[{"href":"https:\/\/teleshop.espresso-kafa.rs\/index.php\/wp-json\/wp\/v2\/product\/10190","targetHints":{"allow":["GET"]}}],"collection":[{"href":"https:\/\/teleshop.espresso-kafa.rs\/index.php\/wp-json\/wp\/v2\/product"}],"about":[{"href":"https:\/\/teleshop.espresso-kafa.rs\/index.php\/wp-json\/wp\/v2\/types\/product"}],"version-history":[{"count":5,"href":"https:\/\/teleshop.espresso-kafa.rs\/index.php\/wp-json\/wp\/v2\/product\/10190\/revisions"}],"predecessor-version":[{"id":10416,"href":"https:\/\/teleshop.espresso-kafa.rs\/index.php\/wp-json\/wp\/v2\/product\/10190\/revisions\/10416"}],"wp:featuredmedia":[{"embeddable":true,"href":"https:\/\/teleshop.espresso-kafa.rs\/index.php\/wp-json\/wp\/v2\/media\/10777"}],"wp:attachment":[{"href":"https:\/\/teleshop.espresso-kafa.rs\/index.php\/wp-json\/wp\/v2\/media?parent=10190"}],"wp:term":[{"taxonomy":"product_cat","embeddable":true,"href":"https:\/\/teleshop.espresso-kafa.rs\/index.php\/wp-json\/wp\/v2\/product_cat?post=10190"},{"taxonomy":"product_tag","embeddable":true,"href":"https:\/\/teleshop.espresso-kafa.rs\/index.php\/wp-json\/wp\/v2\/product_tag?post=10190"}],"curies":[{"name":"wp","href":"https:\/\/api.w.org\/{rel}","templated":true}]}}