{"id":10188,"date":"2023-12-18T14:49:27","date_gmt":"2023-12-18T13:49:27","guid":{"rendered":"https:\/\/teleshop.espresso-kafa.rs\/index.php\/proizvod\/proizvod-7\/"},"modified":"2024-01-15T12:10:02","modified_gmt":"2024-01-15T11:10:02","slug":"proizvod-7","status":"publish","type":"product","link":"https:\/\/teleshop.espresso-kafa.rs\/index.php\/proizvod\/proizvod-7\/","title":{"rendered":"duksevi 113"},"content":{"rendered":"<p>Moderne dukserice sa kapuja\u010dom za opu\u0161ten i ke\u017eual izgled. Dukserice su \u0161ireg kroja pa su savr\u0161ene za svaku figuru.  Dostupne su u crnoj  beloj boji.<\/p>\n","protected":false},"excerpt":{"rendered":"<p>Moderne dukserice sa kapuja\u010dom za opu\u0161ten i ke\u017eual izgled. Dukserice su \u0161ireg kroja pa su savr\u0161ene za svaku figuru. Dostupne<\/p>\n","protected":false},"featured_media":10775,"template":"","meta":[],"product_cat":[241,235],"product_tag":[184],"class_list":{"0":"post-10188","1":"product","2":"type-product","3":"status-publish","4":"has-post-thumbnail","6":"product_cat-duksevi-zenska-odeca","7":"product_cat-akcija","8":"product_tag-duksevi","10":"first","11":"instock","12":"sale","13":"shipping-taxable","14":"purchasable","15":"product-type-simple"},"_links":{"self":[{"href":"https:\/\/teleshop.espresso-kafa.rs\/index.php\/wp-json\/wp\/v2\/product\/10188","targetHints":{"allow":["GET"]}}],"collection":[{"href":"https:\/\/teleshop.espresso-kafa.rs\/index.php\/wp-json\/wp\/v2\/product"}],"about":[{"href":"https:\/\/teleshop.espresso-kafa.rs\/index.php\/wp-json\/wp\/v2\/types\/product"}],"version-history":[{"count":5,"href":"https:\/\/teleshop.espresso-kafa.rs\/index.php\/wp-json\/wp\/v2\/product\/10188\/revisions"}],"predecessor-version":[{"id":10414,"href":"https:\/\/teleshop.espresso-kafa.rs\/index.php\/wp-json\/wp\/v2\/product\/10188\/revisions\/10414"}],"wp:featuredmedia":[{"embeddable":true,"href":"https:\/\/teleshop.espresso-kafa.rs\/index.php\/wp-json\/wp\/v2\/media\/10775"}],"wp:attachment":[{"href":"https:\/\/teleshop.espresso-kafa.rs\/index.php\/wp-json\/wp\/v2\/media?parent=10188"}],"wp:term":[{"taxonomy":"product_cat","embeddable":true,"href":"https:\/\/teleshop.espresso-kafa.rs\/index.php\/wp-json\/wp\/v2\/product_cat?post=10188"},{"taxonomy":"product_tag","embeddable":true,"href":"https:\/\/teleshop.espresso-kafa.rs\/index.php\/wp-json\/wp\/v2\/product_tag?post=10188"}],"curies":[{"name":"wp","href":"https:\/\/api.w.org\/{rel}","templated":true}]}}